(-2)?
-170
Let s(o) = -89*o + 6135. What is s(69)?
-6
Let p(h) = 2*h**3 - 55*h**2 - 33*h + 158. Give p(28).
18
Let y(f) = 2*f**2 + 47*f - 358. Calculate y(7).
69
Let k(w) = -w**3 - 23*w**2 - 45*w + 77. Calculate k(-21).
140
Let l(u) = 2*u**3 - 12*u**2 - 22*u + 11. Give l(7).
-45
Let p(x) = -20*x**2 + 562*x - 31. What is p(28)?
25
Let i(j) = j**3 + 15*j**2 - 125*j + 15. Determine i(-21).
-6
Let z(m) = 2*m**3 - 9*m**2 - 10*m + 43. What is z(8)?
411
Let s(l) = 26*l**3 - 3*l - 1. Give s(-1).
-24
Let f(o) = -10*o**3 + 59*o**2 + 18*o - 49. What is f(6)?
23
Let y(v) = -163*v - 1413. What is y(-10)?
217
Let t(l) = -118*l - 5070. Give t(-43).
4
Let a(q) = 3*q**2 - 60*q + 179. Determine a(3).
26
Let z(n) = 21*n**2 + 8*n + 40. Give z(-4).
344
Let v(b) = -b**3 + 222*b**2 + 3051*b - 52. Give v(-13).
0
Let s(g) = g**2 - 45*g + 266. Calculate s(43).
180
Let o(a) = 2268*a - 18144. Give o(8).
0
Let u(a) = a**2 + 12*a - 46. Determine u(-19).
87
Let u(g) = -g**2 + 218*g + 1327. Calculate u(-6).
-17
Let a(v) = -v**3 + 18*v**2 + 35*v + 102. Give a(20).
2
Let s(j) = 3*j**3 + 84*j**2 + 11*j + 358. Calculate s(-28).
50
Let o(r) = 2*r**2 - 39*r - 4663. Calculate o(59).
-2
Let g(w) = -5*w**2 - 29. Give g(6).
-209
Let m(c) = -56*c**2 - 1625*c - 19. Give m(-29).
10
Let j(v) = -v**2 + 11*v + 71. What is j(-7)?
-55
Let s(q) = 82*q - 1157. Give s(14).
-9
Let f(j) = j**3 + 66*j**2 + 652*j + 215. Calculate f(-54).
-1
Let m(a) = 2*a**3 - 6*a**2 + 74*a - 260. Give m(4).
68
Let y(k) = -965*k - 4976. Give y(-5).
-151
Let n(r) = -r**3 + 33*r**2 - 23*r - 305. Give n(32).
-17
Let k(u) = -2*u**3 + 2*u**2 + 18*u + 2. Determine k(8).
-750
Let n(d) = 2*d**3 - 96*d**2 - 14*d + 653. Give n(48).
-19
Let n(f) = -51*f + 2822. Determine n(45).
527
Let b(g) = 4*g**2 + 221*g + 1045. What is b(-50)?
-5
Let i(d) = -4*d**3 - d**2 + d - 226. Give i(0).
-226
Let c(s) = -s**2 + 103*s - 2412. Determine c(35).
-32
Let y(o) = -2*o**3 + 12*o**2 + 24. Determine y(6).
24
Let j(p) = p**2 + 56*p + 763. Determine j(-22).
15
Let v(k) = -19*k**3 - k**2 + 5*k + 6. Give v(-1).
19
Let h(n) = 25*n - 2652. Determine h(106).
-2
Let j(m) = -19*m - 322. Calculate j(-19).
39
Let p(k) = 278*k + 2722. Calculate p(-10).
-58
Let f(i) = -5*i**2 + 239*i - 70. Determine f(48).
-118
Let g(k) = -7*k + 64. Give g(17).
-55
Let b(l) = l**3 - 9*l**2 + 11*l + 34. Give b(7).
13
Let h(f) = f**2 - 55*f + 269. Calculate h(49).
-25
Let r(j) = -j**3 + 46*j + 1. Calculate r(7).
-20
Let z(j) = 18*j**2 + 769*j + 552. What is z(-42)?
6
Let o(m) = -6*m - 169. Calculate o(-15).
-79
Let z(d) = -2*d**3 - 8*d**2 - 400*d - 1181. Determine z(-3).
1
Let j(x) = 2*x**3 - 8*x**2 - 29*x + 1. Calculate j(-3).
-38
Let d(j) = -285*j**2 - 239*j + 22. Give d(-1).
-24
Let s(q) = 2*q**2 - 8*q - 39. Calculate s(12).
153
Let a(h) = -1851*h + 12904. Give a(7).
-53
Let u(w) = -82*w + 345. Determine u(4).
17
Let u(k) = 50*k - 414. Give u(8).
-14
Let z(f) = 2*f**2 + 89*f - 252. What is z(-47)?
-17
Let l(m) = 141*m - 1349. Give l(9).
-80
Let v(x) = 26*x**3 + 28*x**2 + 27*x - 1. What is v(-1)?
-26
Let o(v) = -13*v - 50. What is o(-2)?
-24
Let q(x) = -64*x**2 - 42*x + 6. What is q(-2)?
-166
Let t(i) = 84*i + 1368. What is t(-16)?
24
Let d(n) = -29*n - 2405. Determine d(-83).
2
Let c(i) = 70*i**2 - 2023*i - 199. Determine c(29).
4
Let a(x) = -x**3 + 12*x**2 + 21*x + 95. Determine a(13).
199
Let r(u) = -u**3 + 88*u**2 - 263*u + 678. Calculate r(85).
-2
Let o(h) = -h**3 - 4*h**2 + 285*h. Calculate o(-19).
0
Let c(f) = -166*f + 1501. What is c(9)?
7
Let y(k) = -k**2 + 128*k - 1409. What is y(13)?
86
Let a(o) = 2146*o + 6358. Give a(-3).
-80
Let m(v) = -v**2 - 919*v + 9294. Calculate m(10).
4
Let o(j) = 16*j**2 - 6*j - 35. Determine o(-4).
245
Let l(c) = 2*c**2 + 36*c + 129. Determine l(-12).
-15
Let c(d) = 7*d**2 + 44*d + 366. Calculate c(-12).
846
Let v(d) = -15*d**2 + 2006*d + 532. Determine v(134).
-4
Let s(p) = -59*p**2 + 11*p + 8. Calculate s(-2).
-250
Let j(c) = 2*c**3 - 104*c**2 + 109*c - 386. Determine j(51).
-29
Let p(u) = u**3 + 12*u**2 - 30*u - 84. Calculate p(-13).
137
Let a(y) = y**2 - 30*y - 571. Calculate a(-14).
45
Let t(p) = 10*p**2 + 186*p - 189. Calculate t(-23).
823
Let s(l) = -97*l + 942. Calculate s(12).
-222
Let l(j) = -19*j**2 - 383*j - 3. Give l(-21).
-339
Let t(s) = -3*s**2 + 368*s - 3211. What is t(9)?
-142
Let m(x) = -1377*x + 4164. Calculate m(3).
33
Let y(a) = -322*a - 774. Calculate y(-3).
192
Let h(q) = -26*q - 443. Give h(-17).
-1
Let f(i) = -1665*i + 18324. Determine f(11).
9
Let b(u) = -27*u**2 + 3831*u + 426. What is b(142)?
0
Let m(b) = -24*b + 509. What is m(37)?
-379
Let g(z) = -z**3 + 113*z**2 - 530*z - 1078. Give g(108).
2
Let b(m) = -m**2 + 110*m + 8687. Calculate b(163).
48
Let k(p) = 121*p**3 - 4*p - 5. Determine k(-1).
-122
Let l(n) = 2*n**2 + 24*n + 65. Calculate l(-19).
331
Let x(g) = g**3 + 9*g**2 - 55*g + 15. What is x(-12)?
243
Let d(i) = 1497*i + 7482. Calculate d(-5).
-3
Let d(g) = -g**3 + 8*g**2 + 210*g + 1. Give d(19).
20
Let u(d) = 2*d**2 - 55*d + 271. Calculate u(21).
-2
Let v(w) = -w**2 + 61*w - 157. Give v(58).
17
Let b(n) = n**2 + 31*n - 32. Calculate b(-30).
-62
Let o(x) = -x**3 - 38*x**2 - 160*x + 3. What is o(-33)?
-162
Let h(d) = -138*d + 529. Determine h(4).
-23
Let i(a) = 14*a**2 - 84*a - 22. Give i(6).
-22
Let l(v) = v**3 - 15*v**2 - 2*v - 467. What is l(17)?
77
Let b(u) = -131*u**2 - 109*u + 2. Give b(-1).
-20
Let j(b) = 148*b + 292. What is j(-2)?
-4
Let k(f) = 3*f + 118. What is k(-24)?
46
Let l(j) = j**3 - 39*j**2 - 59*j + 524. Determine l(40).
-236
Let x(s) = s**3 + 38*s**2 - 37*s + 7. Give x(-39).
-71
Let k(v) = -4*v**2 - 96*v - 11. Calculate k(-24).
-11
Let d(k) = k**3 - 15*k**2 + 17*k - 51. Calculate d(14).
-9
Let n(i) = 4*i**3 + 159*i**2 + 266*i + 22. What is n(-38)?
22
Let u(z) = 655*z - 87. What is u(-1)?
-742
Let l(m) = 20*m + 33. What is l(9)?
213
Let g(f) = -2*f**3 - 75*f**2 - 96*f - 2107. What is g(-37)?
76
Let h(a) = a**2 + 57*a + 110. What is h(-56)?
54
Let a(i) = 105*i + 371. What is a(-4)?
-49
Let f(p) = -5*p**3 - 5*p**2 - 176*p - 343. What is f(-2)?
29
Let p(x) = -x**3 - 6*x**2 + 36*x + 193. Give p(-5).
-12
Let f(g) = -2*g**3 - 2*g**2 + 14*g - 22. Calculate f(5).
-252
Let z(a) = 6*a**2 - 42*a + 24. What is z(8)?
72
Let w(l) = -3*l**2 + 66*l + 48. Determine w(20).
168
Let d(a) = -1162*a - 19754. What is d(-17)?
0
Let u(n) = n**3 - 38*n**2 + 195*n - 94. Calculate u(32).
2
Let x(y) = 146*y + 2953. Determine x(-20).
33
Let j(u) = -u**3 + 3*u**2 - 8*u + 12. Determine j(-4).
156
Let g(f) = 37*f - 285. Give g(9).
48
Let i(r) = 337*r**2 - 331*r. Determine i(1).
6
Let n(g) = -2*g**3 - 9*g**2 - 8*g + 21. What is n(-3)?
18
Let n(u) = 48*u + 1365. Give n(-24).
213
Let k(f) = 18*f - 625. Give k(32).
-49
Let c(y) = -44*y - 2006. Calculate c(-20).
-1126
Let h(j) = -965*j**2 + 9648*j + 13. Give h(10).
-7
Let j(b) = -205*b**2 + 3074*b + 18. Give j(15).
3
Let x(p) = -23*p + 35. Give x(3).
-34
Let w(a) = -2*a**3 - 19*a**2 - 6*a - 16. Calculate w(-8).
-160
Let k(m) = 7*m**2 + 28*m + 4. What is k(-4)?
4
Let m(g) = 7*g**2 - 23*g - 52. Give m(-5).
238
Let i(g) = -g**3 - 6*g**2 + 111*g + 5. Give i(8).
-3
Let q(r) = 7174*r + 78908. Calculate q(-11).
-6
Let b(n) = n**2 + 34*n. Determine b(-36).
72
Let f(j) = 28*j**2 - 75*j + 388. Determine f(5).
713
Let z(y) = -y**2 - 2*y + 212. What is z(-13)?
69
Let l(r) = -788*r + 18248. Give l(23).
124
Let y(d) = -16*d**2 - 393*d + 206. Give y(-25).
31
Let s(z) = 5*z**3 - 2*z**2 + 8*z + 7. Determine s(-1).
-8
Let h(o) = o**2 + 298*o + 7045. Determine h(-26).
-27
Let y(n) = n**2 - 28*n - 40. Calculate y(31).
53
Let n(p) = -p**2 + 69*p + 746. What is n(-10)?
-44
Let y(w) = w**2 - 30*w - 27. Give y(33).
72
Let u(t) = 2*t**3 + 10*t**2 - 12*t - 22. Determine u(-7).
-134
Let m(q) = -76*q - 145. What is m(-2)?
7
Let k(t) = -13*t**3 - 90*t**2 + 6*t - 10. Give k(-7).
-3
Let t(s) = -8*s**2 + 205*s + 29. Give t(27).
-268
Let p(x) = x**3 + 47*x**2 + 90*x + 37. What is p(-45)?
37
Let q(b) = -99*b + 1000. Determine q(10).
10
Let o(x) = x**2 - 11*x - 38. Calculate o(-5).
42
Let n(x) = 32*x + 1145. What is n(-33)?
89
Let g(m) = -2*m**3 - 2*m**2 + 42*m + 150. Calculate g(-6).
258
Let w(d) = 1299*d - 9096. Determine w(7).
-3
Let s(i) = -31*i**2 - 51*i + 4. Determine s(-3).
-122
Let p(h) = -h